
Convert c8a2 (base 13) to base 4.
12303020
Convert 1110 (base 4) to base 11.
77
43321 (base 5) to base 4
232101
What is 23223 (base 5) in base 9?
2275
16e (base 15) to base 8
511
Convert -817 (base 9) to base 13.
-3c1
Convert -405 (base 12) to base 11.
-489
What is -1101110000111 (base 2) in base 12?
-40b3
Convert -213302 (base 4) to base 11.
-1a05
1012 (base 7) to base 6
1344
-1411 (base 7) to base 13
-331
-13003 (base 5) to base 10
-1003
Convert -300 (base 12) to base 16.
-1b0
Convert 2101 (base 6) to base 5.
3334
Convert 3233 (base 4) to base 8.
357
Convert 338a (base 13) to base 7.
30012
1096 (base 11) to base 5
21221
What is 101001111001101 (base 2) in base 8?
51715
What is -3131 (base 4) in base 2?
-11011101
What is -1016 (base 9) in base 14?
-3b2
What is -25b5 (base 13) in base 4?
-1110023
What is -198b (base 12) in base 6?
-22255
-1110000100100000 (base 2) to base 3
-2221001112
Convert 570 (base 14) to base 5.
13303
13767 (base 8) to base 5
144020
What is -2896 (base 12) in base 13?
-21c3
Convert -22333 (base 4) to base 8.
-1277
244 (base 15) to base 9
631
What is -111111100 (base 2) in base 9?
-624
26fb (base 16) to base 12
5937
What is -2112102112 (base 3) in base 2?
-1100001011011011
Convert -12406 (base 9) to base 10.
-8349
-35b (base 12) to base 5
-4003
What is -313121 (base 5) in base 4?
-2202223
Convert -1343 (base 5) to base 12.
-167
4cba (base 13) to base 15
33b4
ba84 (base 15) to base 16
9a4b
What is 16137 (base 11) in base 2?
101100100000100
Convert 1435 (base 6) to base 10.
383
What is -2fd (base 16) in base 14?
-3c9
Convert 37d (base 15) to base 12.
561
2233 (base 8) to base 16
49b
What is 2027 (base 9) in base 2?
10111001011
What is -4873 (base 9) in base 8?
-7056
What is 30200 (base 5) in base 12?
1145
What is -2081 (base 12) in base 3?
-11212121
2a5 (base 11) to base 9
436
Convert -13aa4 (base 16) to base 3.
-11002111021
What is -11302 (base 4) in base 2?
-101110010
What is -152111 (base 8) in base 7?
-314304
Convert -4d9 (base 16) to base 2.
-10011011001
Convert -113a (base 11) to base 10.
-1495
What is -1230 (base 4) in base 14?
-7a
11101011001111 (base 2) to base 6
153411
What is -226 (base 9) in base 15?
-c6
What is 44230 (base 5) in base 15?
d95
-25005 (base 7) to base 11
-499a
Convert 477 (base 14) to base 4.
31321
Convert -120120 (base 8) to base 2.
-1010000001010000
Convert 11516 (base 10) to base 2.
10110011111100
What is -c04 (base 16) in base 11?
-2347
What is 3658 (base 15) in base 5?
332213
112131 (base 7) to base 9
30343
-100111100000011 (base 2) to base 16
-4f03
355050 (base 7) to base 3
10021000220
-63777 (base 9) to base 8
-122316
Convert -2162 (base 12) to base 9.
-5032
What is a99 (base 16) in base 11?
2047
-206 (base 9) to base 3
-20020
What is ab0b (base 13) in base 10?
23840
1222102020 (base 3) to base 8
114034
Convert 3023 (base 7) to base 4.
100112
Convert 618 (base 9) to base 12.
35b
Convert -14554 (base 8) to base 9.
-8831
13213 (base 4) to base 10
487
What is -12200202 (base 3) in base 10?
-4151
34552 (base 9) to base 11
16356
What is -1e9 (base 16) in base 2?
-111101001
What is -71 (base 14) in base 16?
-63
What is 643 (base 9) in base 7?
1350
Convert -323 (base 12) to base 3.
-122000
Convert 202001102 (base 3) to base 15.
44e8
What is -412 (base 6) in base 16?
-98
Convert 752 (base 14) to base 6.
10404
Convert -20122 (base 4) to base 9.
-657
What is 12288 (base 14) in base 13?
172a8
14e2 (base 16) to base 13
2583
-41514 (base 7) to base 16
-27db
What is -334232 (base 5) in base 9?
-17180
-133121 (base 4) to base 15
-8de
What is -51630 (base 7) in base 15?
-3b43
Convert -4440 (base 7) to base 4.
-120330
What is -201651 (base 7) in base 10?
-34287
What is -5157 (base 16) in base 7?
-114465
-3666 (base 13) to base 2
-1111000001001
100101110011 (base 2) to base 9
3277
Convert -54751 (base 8) to base 6.
-254321
What is -63e5 (base 16) in base 10?
-25573
What is -324234 (base 6) in base 3?
-1100212111
Convert 3aba (base 15) to base 16.
3106
-3aba (base 15) to base 2
-11000100000110
What is -12ad1 (base 14) in base 11?
-31661
-64704 (base 8) to base 12
-13804
What is -326266 (base 7) in base 13?
-201a6
What is 670 (base 11) in base 5?
11203
What is -81213 (base 10) in base 8?
-236475
What is 30552 (base 6) in base 2?
1000000000100
What is 351151 (base 6) in base 9?
45244
Convert -353 (base 14) to base 6.
-3021
Convert b (base 13) to base 11.
10
-18994 (base 10) to base 15
-5964
-4e2 (base 16) to base 14
-654
Convert -24351 (base 9) to base 5.
-1010302
12647 (base 14) to base 8
130127
What is -407 (base 11) in base 8?
-753
-4507 (base 9) to base 13
-1690
What is -1b04 (base 15) in base 12?
-347a
-7e2a (base 15) to base 16
-68bf
What is -1872 (base 9) in base 12?
-a02
Convert -1001110000 (base 2) to base 6.
-2520
d53 (base 14) to base 9
3532
-227 (base 8) to base 10
-151
What is -100000011 (base 2) in base 16?
-103
What is dd70 (base 14) in base 6?
453222
Convert -1011100010 (base 2) to base 10.
-738
What is -101000011010 (base 2) in base 8?
-5032
330321 (base 5) to base 11
8576
Convert 20111000 (base 3) to base 13.
21c6
-92a5 (base 12) to base 6
-201525
1166 (base 8) to base 2
1001110110
What is 10110 (base 2) in base 5?
42
What is -26 (base 8) in base 12?
-1a
-110021122 (base 3) to base 15
-29be
Convert 425 (base 13) to base 3.
222012
Convert 669 (base 13) to base 12.
779
-2697 (base 15) to base 5
-230432
What is 2a0 (base 16) in base 5?
10142
Convert 56 (base 9) to base 6.
123
What is -2d90 (base 15) in base 6?
-113230
What is -50254 (base 7) in base 11?
-9139
-4829 (base 10) to base 6
-34205
What is -1000110010 (base 2) in base 6?
-2334
-23310 (base 4) to base 16
-2f4
9e (base 15) to base 9
175
4335 (base 6) to base 9
1325
Convert 11113 (base 4) to base 14.
1a7
What is 1010000001111001 (base 2) in base 7?
230525
What is 5213 (base 7) in base 13?
aa3
8332 (base 9) to base 13
2a17
What is 322 (base 8) in base 10?
210
What is 3657 (base 8) in base 6?
13035
-2c6 (base 13) to base 7
-1313
What is -111112 (base 3) in base 15?
-195
What is 87c (base 13) in base 4?
112233
207 (base 9) to base 2
10101001
What is -25b8b (base 12) in base 8?
-145133
What is 46 (base 16) in base 4?
1012
Convert 54245 (base 7) to base 8.
32304
2802 (base 12) to base 6
33202
Convert a41 (base 16) to base 6.
20053
What is 258 (base 11) in base 4?
10301
Convert -5010 (base 8) to base 14.
-d16
What is -30357 (base 11) in base 12?
-217b8
770 (base 16) to base 6
12452
-4233 (base 5) to base 12
-3b4
Convert -484 (base 14) to base 7.
-2424
What is -137 (base 8) in base 16?
-5f
What is -b70 (base 14) in base 15?
-a04
22772 (base 10) to base 7
123251
-1823 (base 10) to base 9
-2445
14188 (base 15) to base 9
107402
Convert -2c7 (base 14) to base 13.
-348
Convert 504303 (base 6) to base 7.
224124
What is -6bc7 (base 14) in base 6?
-223003
Convert 6533 (base 11) to base 10.
8627
What is 4314 (base 11) in base 7?
22424
1203015 (base 6) to base 9
105212
Convert 1220 (base 7) to base 16.
1c7
Convert -126 (base 12) to base 14.
-c6
What is 3222 (base 11) in base 2?
1000010100011
3210 (base 6) to base 3
222220
What is 1870 (base 14) in base 2?
1000100111010
Convert 1101010010 (base 2) to base 13.
505
3332 (base 8) to base 9
2358
35344 (base 9) to base 16
5c3b
What is 21012 (base 4) in base 15?
28c
3213 (base 5) to base 3
121001
What is 6223 (base 10) in base 11?
4748
What is -10010011001 (base 2) in base 4?
-102121
-236 (base 13) to base 3
-112012
What is -1aa7 (base 14) in base 5?
-123401
-25a3 (base 12) to base 15
-1419
What is f41 (base 16) in base 13?
1a15
-12400 (base 6) to base 10
-1872
231010 (base 4) to base 3
10221211
Convert 2aa (base 14) to base 8.
1036
What is 15234 (base 6) in base 8?
4646
37d (base 15) to base 3
1002101
Convert 1024434 (base 6) to base 15.
ed6d
What is bba (base 13) in base 7?
5603
What is 3cd3 (base 14) in base 7?
43253
Convert -101302 (base 6) to base 9.
-12102
What is -15b46 (base 12) in base 4?
-13210212
20002 (base 4) to base 7
1333
What is -24210 (base 5) in base 13?
-a8b
432 (base 8) to base 7
552
Convert 1110020022 (base 3) to base 13.
10031
What is -11110000100101 (base 2) in base 6?
-155141
Convert -826 (base 13) to base 8.
-2550
Convert 10101212 (base 3) to base 14.
c92
Convert 11086 (base 9) to b